of c?
2, 3
Let g be -4*(1 + 10/(-8)) + -9. List the prime factors of 349/1 + (-3 - g) + -9.
3, 5, 23
Let m(h) = -15*h**3 + 4*h**2 - 2*h + 1. Let p(d) = 29*d**3 - 6*d**2 + 4*d - 3. Let o(n) = -9*m(n) - 4*p(n). List the prime factors of o(4).
3, 5, 23
Let l(f) = f**2 - 20*f + 17. Let i be 18/(-4)*4/(-6). Let t = i + 17. List the prime factors of l(t).
17
What are the prime factors of 6051 + (-2 - -4) - (503 - 499)?
23, 263
Suppose 112800 = -133*r + 163*r. What are the prime factors of r?
2, 5, 47
Let u = -8429 - -12638. What are the prime factors of u?
3, 23, 61
Suppose -5*n + 21916 + 2645 = f, -4*f = 16. List the prime factors of n.
17
Suppose -2*y + 48 = -0*y. Let h be (13 - 1) + 184/(-23)*24. Let l = y - h. List the prime factors of l.
2, 3, 17
Let g = -3393 + 6008. List the prime factors of g.
5, 523
Suppose 0 = -2*f + 350 - 82. Suppose -2*z = 4*r - f + 6, z = 2*r + 72. Suppose 0 = -5*d + 4*d + z. What are the prime factors of d?
2, 17
Let m(v) = -2*v + 1 + 0*v + 14*v**2 - 8. Let w = -32 - -35. List the prime factors of m(w).
113
Let g(a) = -a**3 - 2*a**2 + 2*a - 2. Let d be g(-3). Let m be (1 + 27/(-6))/(d/(-50)). Suppose 0 = -3*q + 811 - m. List the prime factors of q.
2, 53
Let u = -1457 - -476. Let l = 1432 + u. What are the prime factors of l?
11, 41
Let w(a) = 33*a**3 + 17*a**2 - 18*a**3 - 14*a**3 + 11 + 3 - 30*a. Let s be w(-13). Suppose 5*b + 0*b = s. What are the prime factors of b?
2, 3
Suppose 0 = 378*v - 376*v + 2410. Let j = v - -1978. What are the prime factors of j?
773
Suppose -10*i - 3205 = -13*i - g, 0 = -2*i + 4*g + 2146. Suppose 0 = -9*f + i + 7346. List the prime factors of f.
5, 11, 17
Let b(d) = 34*d**2 - 45*d + 862. What are the prime factors of b(20)?
2, 6781
Let l(x) = 43*x - 295. Let t(g) = 44*g - 297. Let i(s) = -7*l(s) + 6*t(s). List the prime factors of i(-27).
2, 641
Let z = 14965 + -6363. What are the prime factors of z?
2, 11, 17, 23
Let t(h) = -244*h - 1662. What are the prime factors of t(-41)?
2, 43, 97
Let z be (0/2)/(-8 + 7). Let n(y) = 2*y. Let i be n(1). List the prime factors of z*(-1)/i - -73.
73
List the prime factors of ((-56)/4 - -6) + 8824.
2, 19, 29
Let q(p) = 72*p**3 + 2*p**2 + 7*p + 5. Let g be q(-3). Let l = -663 - g. What are the prime factors of l?
1279
Let c be (-22)/(-4) - (4 + 20/(-8)). Suppose 0 = 4*p - c, -4*n + p + 3233 = -2*p. List the prime factors of n.
809
Let v = 10923 + -4579. List the prime factors of v.
2, 13, 61
Suppose 4*q + 19126 + 57277 = 5*r, 5*q - 30548 = -2*r. What are the prime factors of r?
3, 11, 463
Suppose 12 = 15*b - 13*b. Let l be (b - 3 - -642)*1. Suppose -o = -5*p + 3*o + 645, -4*o = 5*p - l. List the prime factors of p.
3, 43
Suppose -436 = -12*v + 10*v. Let b = 480 - v. List the prime factors of b.
2, 131
Let b(f) = 2*f**3 - f**2 + 2*f + 479. Let m be b(0). Suppose 4*l + 0*l - 16 = 0, 5*j = 4*l + m. Suppose 0 = 3*o + 9 - j. What are the prime factors of o?
2, 3, 5
Suppose -11*l - 84*l - 75*l + 4494460 = 0. What are the prime factors of l?
2, 13219
Suppose 0 = 5*s - 2*r - 19114, 4*s - 5*r - 16707 = -1426. Suppose s = 5*p - 1731. List the prime factors of p.
11, 101
Let l = -903 + 626. Let w(q) = 199*q**3 + 2*q**2 - 1. Let m be w(-1). Let i = m - l. What are the prime factors of i?
79
Suppose -h - 5*d = -0 - 10, 3*h = 5*d + 70. List the prime factors of 2175*24/h*(-5)/(-15).
2, 3, 5, 29
Let x be ((-890)/(-5))/(0/(-3) + 2). Let s = x + -98. Let n(w) = -w**3 - 9*w**2 + 9. List the prime factors of n(s).
3
Suppose 0 = -3*p + c + 9, 2*p - 12 = -2*p - 5*c. Suppose 0 = -3*b + 2*b - 5*x + 19, 2*b - 38 = -p*x. Let u = 119 - b. List the prime factors of u.
2, 5
Let f = 174306 - 94528. List the prime factors of f.
2, 113, 353
Let p(o) = o**3 - 3*o**2 + 22*o + 18. Let y be 20 - (7 + 6 + -4). List the prime factors of p(y).
2, 307
Let z(c) = 9598*c**2 - 21*c - 21. List the prime factors of z(-2).
107, 359
Suppose -g + 61 = -4*a, -8*g + 4*g + 2*a = -174. Suppose -g*q + 10080 = -6*q. What are the prime factors of q?
2, 3
Let s = 2581 + 674. List the prime factors of s.
3, 5, 7, 31
Let g = 9591 - -14711. List the prime factors of g.
2, 29, 419
Suppose -3*w - 3*q = -375, 3*q = -5*w + q + 634. Let m = -741 + 769. Let n = m + w. List the prime factors of n.
2, 3, 13
Let m = -76 - -78. Suppose 0*s + 2*s - 69 = 5*c, m*s = -5*c + 39. Let v = 57 + s. What are the prime factors of v?
2, 3, 7
Let q = 24352 + -6910. What are the prime factors of q?
2, 3, 17, 19
Let f(v) = 435*v**2 - 145*v - 427. What are the prime factors of f(-3)?
3923
Let k be 15/((-90)/(-412))*3. Let v = 217 - k. List the prime factors of v.
11
Let j = -748 + 1417. Let h = j - 393. What are the prime factors of h?
2, 3, 23
List the prime factors of (38350/39)/((-4)/(-90)) - -5.
2, 5, 2213
Suppose -3*i - 300 = 3*i. Let p = i + 65. List the prime factors of 52/10*(p/2)/3.
13
Suppose -172 = -4*t + 5*g, -2*t - 5*g + 86 = -6*g. Suppose z - t + 39 = 0. Suppose -z*v + 379 = -v - 2*m, v + 4*m = 103. What are the prime factors of v?
3, 41
Let c(h) = h + 44. Let u be c(-6). Let y(q) = q**2 + 4*q + 15. Let a be y(-6). Let n = u + a. What are the prime factors of n?
5, 13
Suppose 21*b - 4 + 4 = 0. Suppose 9*k - 1100 - 502 = b. List the prime factors of k.
2, 89
Let c(a) = 6816*a**2 - 36*a - 36. What are the prime factors of c(-1)?
2, 3, 71
Let n(m) = -50*m**3 + 39*m**2 - 14*m - 95. What are the prime factors of n(-7)?
2, 2383
What are the prime factors of ((-280)/392 + 108/14)*(-4992)/(-7)?
2, 3, 13
Suppose -q = -q - q. Suppose 5*w - 8 = -4*f, q*f + 11 = -f + 2*w. What are the prime factors of (-2)/f - ((-583)/3 + -1)?
2, 7
Let i(j) = j**3 - 17*j**2 - 16*j - 6. Let k be i(18). Suppose 5*c + k + 20 = 5*g, 0 = 4*c - 20. Let p(h) = 13*h + 18. List the prime factors of p(g).
3, 71
What are the prime factors of 234076/18 + -1 + (-32)/144?
13003
Suppose 0 = 3*o - 4*u - 27398, -106*o + u = -107*o + 9142. List the prime factors of o.
2, 3, 1523
Let t = 10865 - 4991. What are the prime factors of t?
2, 3, 11, 89
Let m(a) = -a**3 - 4*a**2 + a - 24. Suppose 0 = -5*c + 4*g - 44, 2*g = -3*c + 3*g - 25. What are the prime factors of m(c)?
2, 7
Suppose 9*s = 4*u + 4*s - 838, 0 = 5*u - 2*s - 1039. Suppose -9*p = -21*p + 36. Suppose 0 = -b + p*d + 60, -d = -3*b - b + u. What are the prime factors of b?
3, 17
Let p be 2/5 + (-9)/(135/(-174)). Suppose -p*n + 462 = -210. List the prime factors of n.
2, 7
Suppose -10*l + 8*l + 124200 = 4*q, -5*l = q - 31059. List the prime factors of q.
61, 509
Let z(f) = 19*f**3 - 34*f**3 - 10*f**2 + 17*f**3 - 57 + 18*f + 4*f**2. List the prime factors of z(8).
727
Let f(q) = 1004*q**3 - 6*q**2 + 30*q. Let z be f(7). List the prime factors of 6/33 + z/308.
2, 13, 43
Suppose -36*c + 606023 = -335845. Suppose 12*v - c = -7*v. What are the prime factors of v?
3, 17
Suppose -447*b - 253748 + 12068 = -459*b. List the prime factors of b.
2, 5, 19, 53
Let a(j) = -j**3 - 12*j**2 + 2*j + 21. Let y be a(-12). Let o be (2 + 7)*109/y. List the prime factors of o/(-9) + (-5)/(-15)*-1.
2, 3
Suppose -12*y + 7155850 = 206*y. List the prime factors of y.
5, 13, 101
Let a = -29 - -31. Suppose -a*x + 22 = -16. Let n = 6 + x. List the prime factors of n.
5
What are the prime factors of (-18)/(-12) + (3 - (-28454)/(-8))*-2?
7109
Let g be (-37)/(-5) - 72/180. Suppose f - 430 = 5*m, -g - 3 = -2*m. List the prime factors of f.
5, 7, 13
Suppose 217 = -5*t - 308. What are the prime factors of 219/(t/(-14) + -6)?
2, 73
Suppose -3*d = -9 - 0. Suppose w = -d*w + 20. What are the prime factors of w/((6/16)/3)?
2, 5
Suppose -q + f = 478 - 1703, 1249 = q + 5*f. Suppose 5*j - q = 12*x - 8*x, 3*x = -j + 261. What are the prime factors of j?
3, 83
Let p = 256 + -239. Suppose -6288 = 5*l - p*l. List the prime factors of l.
2, 131
Suppose 10*h + 138*h = 3973356. What are the prime factors of h?
3, 19, 157
Let j(u) = -75*u**3 - u**2 + 2*u + 2. Let f be j(-1). Let c = -54 + f. Suppose 19*k - c*k = -18. What are the prime factors of k?
2, 3
Suppose -4*f = 12, 4*s - 5*s = -4*f - 4. What are the prime factors of (-7)/((-140)/s) + (-38357)/(-55)?
17, 41
What are the prime factors of (-134328)/(-15) - (-14 - -7)/(-35)?
3, 5, 199
Suppose 39*h - 153 = 42. Suppose 0 = c - 2*b - 883, -h*b = -7*c + 12*c - 4430. List the prime factors of c.
3, 5, 59
Let w(v)